 the third derivative of -y**6/120 + y**4/24 + 29*y**3/6 - 8*y**2 + 11. Give b(0).
29
Let y(b) = b + 4 - 4 - 2 + 1. Calculate y(6).
5
Let r(d) = -5*d**3 - d**2 + d - 1. Suppose -2 = -2*f + 3*f. Let i be 1 - (17 - 3) - f. Let h be (-13)/i + (-40)/220. Give r(h).
-6
Let x(j) = -11*j**3 - j**2 - 32*j - 2. Let n(a) = -13*a**3 - 2*a**2 - 36*a - 1. Let r(h) = -6*n(h) + 7*x(h). Let y be (-1 - (3 + -2))*3. Give r(y).
4
Let x(w) = 7*w + 730*w**2 - 1456*w**2 + 9 + 725*w**2. What is x(8)?
1
Suppose 1 = x - 0*x. Let m(y) = -y**2 - y. Let q(b) = -2*b**2 - 7*b. Let n(j) = -6*m(j) + q(j). Determine n(x).
3
Let b(z) be the third derivative of -z**4/24 - z**3/3 - z**2. Let s(p) = p**3 + 10*p**2 + 12. Let l be s(-10). Let v be (l/9 + 0)*-3. Give b(v).
2
Let q(x) = -x**3 + 5*x**2 - 2*x + 16. Let s be q(5). Let n(z) = 7*z - 6 - 2*z + 4*z**2 - 9*z**2 + s*z**2. Determine n(-5).
-6
Suppose 3*v = 3*x, 5*x - 2*v + 0 - 9 = 0. Let n(o) = -6*o + 3 + 4*o**2 + 1 - x*o**2 - 1. Calculate n(4).
-5
Let t(r) be the second derivative of r**4/12 - 3*r**3/2 - 2*r**2 - 23*r. Let l(z) = -z**2 + 8*z + 3. Let m(f) = -3*l(f) - 2*t(f). What is m(7)?
6
Let h(x) = x**3 + 5*x**2 + x - 1. Let v(z) = -3*z**2 + 6*z + 1. Let m be v(2). Suppose 4*j + m = 5*w + 5, -3*w = -5*j - 8. Determine h(j).
11
Let c(i) = i**2 - 26. Let b be -1 + 6 - (8 - 3). Calculate c(b).
-26
Let c(h) = 6*h**3 + 7*h**2 + 13*h + 13. Let r(u) = -5*u**3 - 7*u**2 - 12*u - 12. Let t(g) = 4*c(g) + 5*r(g). Let f be (2/4)/(1/(-12)). Give t(f).
4
Let k(n) be the third derivative of n**2 + 0*n**3 + 1/30*n**5 + 0 + 0*n + 1/12*n**4. Suppose -47*l + 21 = -54*l. Calculate k(l).
12
Let u(w) = -w**3 - 11*w**2 + 9*w - 17. Let o be u(-12). Suppose 16*q = o*q. Let p(m) = 3*m - 2*m - m**3 - 4*m**2 + 3*m**2. What is p(q)?
0
Let t(c) = -2*c**2 + 3*c - 3. Suppose 9 = -p + 3*p + a, -p + 12 = -2*a. Let i be 2/(8 - p) - (-3 + 1). Calculate t(i).
-12
Let d(o) = 1. Let y = 9 - 7. Let m(q) = q + 7. Let k(a) = y*d(a) - m(a). Determine k(0).
-5
Let y(t) = -t**3 - 2*t**2 + 5*t + 3. Let h be 1*(-25 - -4 - -4). Let k be h/5 + 21/(-35). Let j be 8/(k + 0 + 2). Give y(j).
15
Let w(a) = -a - 8. Let p(r) = -3*r + 4. Let t be p(3). Let x be 5/t + 1*14. Let c = x - 17. Determine w(c).
-4
Let j be -34*2/(-16) - 1/4. Suppose 2*d = -2*d - 2*v - 18, -j*d = -v + 15. Let b(n) = 3*n + 2. What is b(d)?
-10
Let y(l) = -l**2 - 4*l - 2. Let t be 49/(-10) - 53/530. What is y(t)?
-7
Let c(n) = n**3 - 3*n**2 - 4*n - 1. Let p = 23 + -11. Let u be (-94)/(-30) + p/(-90). Determine c(u).
-13
Let x(a) be the second derivative of a**3 + 3*a**2 + 420*a. Calculate x(-12).
-66
Let y(a) = 7*a + 1. Let h = -43 - -52. Suppose -9*m + 0*m + h = 0. Calculate y(m).
8
Let k(o) = -2 - 4*o - 22*o**2 - 16*o**2 + 47*o**2 - 7*o**2. Determine k(-2).
14
Suppose -3*k - 9 = -l, 0*l + k = -3*l - 23. Let t(j) = j**3 + 7*j**2 + 5*j - 6. Give t(l).
0
Let b(v) be the third derivative of -1/60*v**5 + 0*v - 7/6*v**3 + 5/24*v**4 - 13*v**2 + 0. Determine b(5).
-7
Let f(t) = 0*t**2 + 2*t**3 + 4*t + 2*t**2 - 2*t**2 + 3*t**2 + 150 - 149. Calculate f(-3).
-38
Suppose v + 2*j - 12 = -10, 5*v + j = 19. Let d(k) be the second derivative of 3*k + 0 - 1/12*k**v + 0*k**2 - 1/6*k**3. Determine d(-3).
-6
Suppose 0*u = 3*u - 3*r - 12, 3*r = -5*u + 36. Let j(z) = -15*z - u*z + 2 - 1 + 12*z. Calculate j(2).
-17
Suppose 0 = -o - 3 - 13. Let q = o - -21. Let s(j) = 4*j + 3*j**2 + 3*j - q*j - 4*j**2 + 4. Give s(4).
-4
Let b(f) be the third derivative of -f**5/60 + f**4/4 + 13*f**3/6 - 71*f**2 - 5*f. Calculate b(8).
-3
Suppose 7*h - 5*h = 26. Suppose r - h = -4*y, 3*r + 2*r - 140 = 5*y. Let b(x) = -4*x + 1 - 5 + 24*x**2 - r*x**2. Calculate b(-4).
-4
Let w(y) be the second derivative of 13*y**7/2520 - 7*y**4/12 - 11*y. Let q(o) be the third derivative of w(o). Give q(1).
13
Let i be (-5)/2*(99 - 103). Let z(t) = -t**3 + 9*t**2 + 9*t. What is z(i)?
-10
Let p(v) = v**3 + 13*v**2 - 16*v - 33. Let g = 1690 + -1704. Give p(g).
-5
Suppose -5 = -g + 6*g. Let t(a) = 3*a**2 + a - 1. Let w(r) = 20*r**2 + 8*r - 5. Let q(m) = 6*t(m) - w(m). Determine q(g).
-1
Let x be 23/(-6) + (-2496)/(-576). Let j(w) be the first derivative of -x*w**2 + 0*w - 12 - 1/3*w**3. Give j(2).
-6
Let b(w) be the second derivative of -w**5/15 + 7*w**3/3 + 2*w. Let t(m) be the second derivative of b(m). What is t(-1)?
8
Suppose -4*g + 5*g = h - 6, 28 = 5*h - 3*g. Let v(p) = -h + 4 + 3 + 2*p. Let c = 412 - 416. Calculate v(c).
-6
Let v(n) = 41*n + 2. Let d(j) = 19*j + 1. Let c(r) = 7*d(r) - 3*v(r). Determine c(1).
11
Let n(k) = -1. Let b(f) = f + 3. Let c(w) = b(w) + 2*n(w). Suppose 11 = -2*x - 5*j, -x - x - 1 = -5*j. Give c(x).
-2
Let j(c) = 7*c**2 + c - 7. Let y(g) = 19*g**2 + 2*g - 19. Let a(v) = 8*j(v) - 3*y(v). Determine a(3).
-2
Let u(w) = w**2 - w - 6. Let l be (0/((-42)/7))/2. Calculate u(l).
-6
Let a(r) = 2*r**2 - 2. Suppose 0 = -v + 3*v. Suppose p = v, s - 4*p + 8 = 3*s. Let c(d) = d**2 - 3*d - 2. Let o be c(s). What is a(o)?
6
Let c(f) = 6*f + 4. Suppose 0 = 2*d - r + 8, 3*r = -2*d + 2*r. Determine c(d).
-8
Let f(s) = 3*s**2 + 3*s + 1. Let d be 5 - 6 - 6/1. Let g = 5 + d. Calculate f(g).
7
Let j(a) be the third derivative of a**5/60 - a**4/6 - a**3 - 105*a**2. Determine j(8).
26
Let z = 49 + -40. Let q(v) = 10 - 2*v - 4 + 4*v**2 - z + v**3. Calculate q(-3).
12
Suppose a + 7*u - 11*u - 10 = 0, -2*a - 3*u + 9 = 0. Let r(o) = o**2 - 4*o - 2. Let y be r(5). Let m(d) = -2*d + 7 - 5*d + 3*d + y*d. Calculate m(a).
1
Let v = 155 - 149. Let m(d) = d**2 - 6*d. What is m(v)?
0
Let q(r) = 2*r + 7. Let d(m) be the first derivative of 2*m**2 + 15*m + 3. Let l(w) = -6*d(w) + 13*q(w). What is l(-2)?
-3
Let a = -3 + 6. Suppose a*y = 2*y + 3*z + 10, -10 = 5*y + 5*z. Let d(w) = -2*w**3 + 14003453*w - 14003453*w. What is d(y)?
-2
Suppose k + 1 = 2*n + 2, 2*k = 2*n + 12. Let g be 3 + -6 + k - 0. Let r be (6/9)/(g/(-36)). Let w(l) = -l**3 - 3*l**2 + 2*l. Calculate w(r).
-6
Let n(i) = -i**3 + 2*i**2 - i + 2. Let d(j) = 3*j**2 - j + 3. Let r(y) = -3*d(y) + 4*n(y). Let z(s) = s + 10. Let b = -18 + 7. Let h be z(b). Give r(h).
3
Suppose y = -5*l + 2, 12*l + 10 = 9*l + 5*y. Let i(s) = -s**2 - 2*s - 12. Let z(g) = -g**2 - 3*g - 13. Let j(w) = 4*i(w) - 3*z(w). What is j(l)?
-9
Let d(m) = m**3 + 10*m**2 + 10. Let l be 32 + 6/(-10) + 15/25. Let c = -42 + l. Give d(c).
10
Suppose 3*d + 16 = 4*r, -r = 7*d - 2*d - 4. Let f be d/(-3 - (0 + 0)). Let a(w) = w + 5. Give a(f).
5
Let k(h) = h + 2. Suppose -22 = 4*q - f + 4*f, -5*q = f + 33. Let i = -11 + 22. Let w = q + i. What is k(w)?
6
Let z(l) = -2*l**2 - 3*l + 3. Let s be -2*2/12*(-11 + -1). Let g(r) = -3*r**2 + 0*r**2 - 1 - 5 + 2*r**2 + 6*r. Let b be g(s). Determine z(b).
-11
Let g(k) be the first derivative of k**4/4 + 5*k**3/3 - k**2/2 + 4*k + 3. Suppose -4 = f - m, 6*m - 7*m + 14 = -3*f. Determine g(f).
9
Let m(a) = -20*a + 40*a + 3 - 18*a. Let y(p) = p**2 + 4*p + 4. Let i be ((-4)/(-5))/(1/(-5)). Let b be y(i). What is m(b)?
11
Let q(x) = -x + 11. Let t be (-4)/3*12*-1. Suppose -z + t = z. Give q(z).
3
Let x(i) = i + 8. Suppose -g = -3*v + 26, -3*g = 8 - 11. Determine x(v).
17
Let d = -872 + 1230. Let a(h) = 4*h - 358 + d. Determine a(-6).
-24
Let l = -30 - -42. Let c(b) = 0*b - 2*b - l + 4*b + 13. Suppose 7 = 4*g - 17. Determine c(g).
13
Let j = 49 - 53. Let v be -5 + (4 - 2 - -1) + j. Let l(t) = -t**3 - 7*t**2 - 5*t - 1. Give l(v).
-7
Let h(y) = 2*y - 8. Let t be 4/2*(-10 + 5). Let q = t - -6. Let c(m) = -m + 3. Let z be c(q). What is h(z)?
6
Let o(q) = q**3 - q**2 + 8. Suppose -u + i - 3 = 0, 9*u - 7*u = -5*i - 34. Let y be (-22)/77 - 2/u. What is o(y)?
8
Let r(b) be the first derivative of 4*b**2 - 2*b**2 - b - 13 - 6*b**2. What is r(1)?
-9
Suppose 111 = -4*r + 3*k, 2*r - 4*k + 56 = -2*k. Let q be 2/6*(-84)/(-1). Let b = q + r. Let x(o) = -6*o**3 - o. Give x(b).
-7
Let o(a) = a**2 + 3*a + 3. Suppose 26 = -14*f - 2. Determine o(f).
1
Let d(s) = -s**3 - s - 1. Let r(l) = -9*l - 12 + 3*l**2 + 2*l**2 - 5*l**3 + 0 + 0*l**2. Let y(o) = -6*d(o) + r(o). Calculate y(-5).
9
Let f(k) be the third derivative of -2*k**2 + 3/2*k**3 + 0*k - 1/60*k**5 + 0*k**4 + 0. Let m = -7 - -7. Determine f(m).
9
Suppose 2*x - x = 0. Suppose -5*y + 0*y + 10 = x. Let v(k) = -1 - 5*k**y - 2 + 5*k + 0*k**3 - k**3. Determine v(-6).
3
Let n(m) be the first der